 - 22)*(s - 0)?
15
Let w(i) = -264*i - 4989. Suppose -5*q + 69 = -4*q - 5*f, 0 = -q + 4*f + 74. What is the remainder when q is divided by w(-19)?
13
Suppose -69 = 2*y - 77, 0 = -5*n - y + 49. Suppose 5*k + 5 = 0, 4*x + 2*k + 3*k = 111. What is the remainder when x is divided by n?
2
Suppose 0 = 16*q - 1392 - 32. What is the remainder when 886 is divided by q?
85
Suppose 0 = 22*d - 803 - 583. Suppose -q = -h + 31, 3*h - 167 = -2*h - q. Calculate the remainder when d is divided by h.
30
Suppose 27*c - 62 = 29*c. Let l = -19 - c. Calculate the remainder when 44 is divided by l.
8
Let b = -91 - -122. What is the remainder when b is divided by 9?
4
Suppose -h + 6 = -3*t - 12, -2*h + t + 16 = 0. What is the remainder when 82 is divided by h?
4
Suppose -4*x = -25 - 27. Calculate the remainder when 1/(-2)*2 - 34*(-93)/62 is divided by x.
11
Let o be (-3)/((6 + -4)/2). Let c = 7 - o. What is the remainder when 18 is divided by c?
8
Let t(z) be the second derivative of 2*z**3/3 - z**2/2 + z. Suppose 6*v - 56 = 4*v - 4*o, 5*v + 4*o - 110 = 0. What is the remainder when v is divided by t(2)?
4
Let b(l) = 52*l**2 - 9*l - 8. Calculate the remainder when b(-2) is divided by 17.
14
Let s(l) = -l**3 - 14*l**2 + 24*l + 54. What is the remainder when s(-16) is divided by 67?
48
Let n = 500 - 258. Suppose -32 = 7*z - n. What is the remainder when z is divided by 7?
2
Suppose -2*d = -3*y - 9, 5*d - y = -0*d + 29. What is the remainder when 17 is divided by 56/16 + (-3)/d?
2
Suppose 521 = 13*p + 339. What is the remainder when 61 is divided by p?
5
Let q = 736 + -599. What is the remainder when q is divided by 49?
39
Let v(n) = 11*n + 5. Let q = 16 + -42. Let s = 47 + q. Calculate the remainder when v(7) is divided by s.
19
Suppose 5*w - 11 = 14, -y + 28 = 4*w. What is the remainder when 42 is divided by y?
2
Suppose 197 + 109 = 6*p. What is the remainder when p is divided by 39?
12
Suppose 0 = 3*m + 2*n - 125, m - 14 = -3*n + 23. What is the remainder when 78 is divided by m?
35
Suppose -5*c = 3*d - 4627, 5*c = 2*d - 1855 - 1213. Calculate the remainder when d is divided by 110.
109
Let n = -8 + 9. Suppose -3*o + 91 = -4*i, o - 12 = -3*i + n. Calculate the remainder when 47 is divided by o.
22
Let t(b) = 4*b - 42. Let i be t(7). Let u(h) = h**2 + 15*h + 31. Calculate the remainder when 49 is divided by u(i).
15
Let z = 791 + -789. What is the remainder when 119 is divided by z?
1
Suppose -4*l - 5 = -5*t - 17, t = -3*l + 9. Calculate the remainder when 354 is divided by l.
0
Suppose -40*u = 2*u + 19*u - 854. Let q = -29 - -54. What is the remainder when q is divided by u?
11
Let y(k) = -k**3 - 9*k**2 + 9*k - 3. Let t(l) = -3*l**2 - 9*l + 2. Let r be t(-4). Calculate the remainder when 20 is divided by y(r).
6
Suppose -w - 415 = 5*d + 312, -4*d - 572 = 4*w. Calculate the remainder when 159 is divided by ((-3)/2)/(4 - d/(-36)).
24
Let q(m) = m + 19. Let a be q(-12). Suppose -t + 14 = -a. Calculate the remainder when 104 is divided by t.
20
Let b(k) = -3*k**2 - 5*k + 15. What is the remainder when 56 is divided by b(0)?
11
Suppose 4*g = 8*g + 16, -694 = -5*a + g. What is the remainder when a is divided by 35?
33
Let f be 2/(-3)*567/(-14). Let c = 27 - f. Suppose c = 3*n - w - 63, -2*n = -0*n - 2*w - 38. Calculate the remainder when 107 is divided by n.
19
Suppose 0 = -3*u - 3, -2*a + u = 2*a + 143. Let i = a - -57. What is the remainder when i is divided by 11?
10
Suppose 2*x - 3*y - 98 = 0, 5*x + 3*y = -80 + 325. Calculate the remainder when x is divided by 10.
9
Suppose -10 = -2*i + 10. Suppose -5 = -5*m + 5. Let b = i - m. Calculate the remainder when 29 is divided by b.
5
Let n = 40 + -71. Let r = 16 + n. What is the remainder when ((-9)/(-4))/(r/(-180)) is divided by 15?
12
Let y(v) = 7*v - 138. Let z(r) = r**3 + 11*r**2 + 18*r + 6. What is the remainder when z(-7) is divided by y(22)?
12
Suppose 856 = 4*y - 4*g + g, 418 = 2*y - 4*g. Calculate the remainder when (-6)/(-9) - y/(-3) is divided by 25.
23
Let u = 33 - -73. What is the remainder when u is divided by 30?
16
Let o(r) = -r - 12. Let q be o(-9). Calculate the remainder when (q/12)/(3/(-156)) is divided by 7.
6
Let x(f) = -f**2 - 6*f + 4. What is the remainder when (9 + (-114)/15)/((-3)/(-75)) is divided by x(-6)?
3
Let i be 6/(-39) - (-4)/26. Suppose w + w = a + 9, 4*w - 3*a - 21 = i. Calculate the remainder when ((-12)/(-2))/3*4 is divided by w.
2
Let p = 205 - 79. Let t = p - 82. What is the remainder when t is divided by 23?
21
Suppose 0 = 5*o - 20 - 5. Suppose s - 3*w = 9, w - 21 = 4*s - o*s. Calculate the remainder when 32 is divided by s.
14
Let m(a) = 2*a - 24. Let v be m(13). Suppose -3*u - 3*t = u - 321, 4*u = -v*t + 322. Calculate the remainder when u is divided by (-11)/66 + (-254)/(-12).
18
Let h be 3 + (-1 + 4)/(-3). Suppose h*u = 1 + 11. Calculate the remainder when (-6)/4*136/(-12) is divided by u.
5
Suppose 479 = 15*w - 91. What is the remainder when w is divided by 23?
15
Suppose -236 = -0*v - 4*v. Let a = -406 + 431. Let g = v - a. What is the remainder when g is divided by 18?
16
Suppose 0 = 5*y + 4*x - 310, x - 325 = -5*y - 0*y. Calculate the remainder when y is divided by 23.
20
Suppose 0 = 6*d - 7*d + 22. Suppose 2*i - 3 = -s - i, 3*s = 2*i + 20. What is the remainder when d is divided by s?
4
Suppose -u - 99 = 4*x - 263, -3*x - 4*u = -136. Calculate the remainder when 127 is divided by x.
7
Let w(u) = -25*u - 107. Calculate the remainder when 35 is divided by w(-5).
17
Let q(l) = l + 13. Calculate the remainder when (-1)/6 + (-5004)/(-216) is divided by q(-7).
5
What is the remainder when 0/(-1) + 24/4 is divided by ((72/30)/2)/((-6)/(-20))?
2
Let d(a) = -a**3 + a**2 + a + 37. Let o be d(0). Suppose 3*j = -3*v + 33, v = 5*j - 0*v - o. Calculate the remainder when j is divided by -2 + (-14)/(-2 - 0).
3
Let a(g) = -g**3 - 7*g**2 - 5*g - 38. Let l be a(-7). Suppose -3*i - 7 = 14. Calculate the remainder when 24 is divided by 3 - 8 - l - i.
4
Let s be ((-32)/(-20))/(4/1000). Suppose 5*d = -4*v + 400, -2*d - 3*d = -3*v - s. What is the remainder when d is divided by 21?
17
Suppose -16 = 77*z - 79*z. What is the remainder when 55 is divided by z?
7
Calculate the remainder when (-2)/(-6) + (-3460)/(-15) is divided by 79.
73
Suppose 0 = -12*h + 318 + 150. Calculate the remainder when 106 is divided by h.
28
Suppose 0 = 3*s - 3*a - 39, 3*s = 4*a - 13 + 54. Calculate the remainder when 28 is divided by s.
6
Suppose 254*d - 249*d = 3*s + 123, -s - 121 = -5*d. Let q(a) = -a**3 + 8*a**2 - 5*a - 4. What is the remainder when q(5) is divided by d?
22
Suppose p + 22 = -3*q + 6*q, 2*p = q - 64. Suppose 3*v - 4*v = 8. What is the remainder when (p/v)/(1/4) is divided by 9?
8
Let b be (-2)/12 + (-770)/(-84). Suppose 0 = b*a - 46 + 1. What is the remainder when a is divided by 2?
1
Suppose 4*f - 281 = 199. Calculate the remainder when 714 is divided by f.
114
Let m be ((-1)/(-3))/(1/33). Suppose 3*d = z + 9, -z = -0*d + d - m. Suppose -3*f - f - 56 = -4*a, a - 19 = 2*f. Calculate the remainder when a is divided by z.
3
Let o = 50 + -58. Calculate the remainder when 173 is divided by 6802/152 + 6/o.
41
Let b be (-1 + (-6)/30)*25. Let i be (1 - 9)/(2/(-11)). Let c = b + i. What is the remainder when 54 is divided by c?
12
Let q(s) be the third derivative of s**6/120 + s**5/5 - s**4/6 - 29*s**3/6 - 2*s**2. Calculate the remainder when 54 is divided by q(-12).
16
Suppose 2*g = -5*y + 94, y - 44 = -y - 4*g. What is the remainder when 591 is divided by y?
15
What is the remainder when 1935/5 - 5*32/40 is divided by 77?
75
Suppose 2*l + 4*z = 22, -17 - 5 = -2*l + 5*z. Suppose 0 = -27*b - 405 + 607 + 959. Calculate the remainder when b is divided by l.
10
Suppose 3 - 5 = 2*p, -4*b + 148 = -4*p. Let y(z) = 3*z - z - z**2 + 11*z - 3 - 6. What is the remainder when b is divided by y(11)?
10
Let t(f) = 4*f + 15. Let k be t(5). Let i = k + -30. Suppose i*z + 5*g - 65 = 0, 2*g = -z - g + 13. Calculate the remainder when 50 is divided by z.
11
Let k = 1725 - 1688. What is the remainder when 480 is divided by k?
36
Suppose -509 = -19*v - 72. Calculate the remainder when 665 is divided by v.
21
Suppose 3*d + 12 = -0*d, -5*b + 352 = 2*d. What is the remainder when 214 is divided by b?
70
Suppose 4*l - 197 - 375 = 